11. Is p(-11) prime?
True
Is (2610/(-405))/(8/(-217044)) a prime number?
False
Let j(o) = -68*o**3 - 2*o**2 - 3*o - 2. Let q(x) = 0*x + 2*x - 6*x**2 - 3*x + 2*x - x**3 + 5. Let y be q(-6). Is j(y) composite?
False
Let o be 2 + (-336)/(-35) - (-4)/10. Let z be 97*(-3 + 7)/o*24. Let m = z + -97. Is m prime?
False
Let a = -621 + 625. Suppose 0*x = 4*x - a*g - 1588, g = 2*x - 794. Is x a prime number?
True
Let j = 556492 + -273333. Is j prime?
True
Let c = 377572 - -414201. Is c composite?
False
Suppose 8*h = 3*h + 2*h. Suppose h = 85*b - 87*b + 5158. Is b a prime number?
True
Let q = 49 - 46. Is 1992 - (3 - 12/q) a composite number?
False
Is ((-52)/10)/(164/(-98439565)) + 12/24 a prime number?
False
Suppose -20*f + 1771 = -2449. Suppose f*a - 209*a = 1382. Is a prime?
True
Suppose 5*n = -4*t + 48024, 217*t - 221*t + 5*n = -47984. Is t prime?
False
Let l(y) = -y**3 + 3*y + 1. Suppose -5*p = p + 12. Let i be l(p). Is i + 1/1 + 219 a composite number?
False
Let n(v) = -v**3 - 12*v**2 - 11*v - 10. Let l be n(-11). Let z(x) be the third derivative of 4*x**5/15 + 3*x**4/8 + 25*x**3/6 + 29*x**2. Is z(l) composite?
True
Suppose -13*b - 134680 = -415311. Is b a prime number?
True
Suppose -3*z - 265252 = -2*d, 5*d - 673252 = -2*z - 10103. Is d a composite number?
True
Let v(d) = -d**3 + 6*d**2 - 2. Let n be v(6). Let i be (8 - (2 - n)) + 5. Suppose 0 = 2*p - 5*m + i - 172, -5*m + 371 = 4*p. Is p a prime number?
True
Let z = 86 + -61. Suppose 2*m + g - 7 = 0, -g + 4 = -m + 12. Suppose -p + 6*c - 3*c + 874 = 0, -m*c = -z. Is p composite?
True
Let g(k) = -21*k**3 - 12*k**2 + 3*k + 29. Let o(s) = -15*s - 7. Let v be o(0). Is g(v) a composite number?
True
Let d = -19702 + 32622. Suppose 0 = 5*a - 2*i - d, 5*i + 6558 = 5*a - 6377. Is a prime?
False
Suppose 4*q - 10422 = 2*y, 6*y - 10413 = -4*q + 11*y. Let u = 3826 - q. Is u prime?
False
Let x = -24238 - -60486. Suppose 7006 - x = -2*h. Is h a prime number?
True
Suppose -4*y - 5*w - 16 = 0, -w - w - 12 = -4*y. Let v = -890 + 887. Is 89200/120 - (y/v)/(-1) prime?
True
Let g(x) = x**3 + 30*x**2 + 27*x - 44. Let s be g(-29). Suppose 34644 + 398 = s*v. Is v composite?
False
Let y(v) = 3*v**2 - 29 - 4*v**2 - v**2 - 3*v + 31*v. Let u be y(18). Let l = 262 + u. Is l composite?
False
Suppose -2*g = -4*g - 6, -5*n - 4*g = -3. Suppose -6175 = -2*r + n*i, i + 2 = 3*i. Is r a composite number?
False
Let u(k) = 115*k**2 + k + 181. Is u(18) a composite number?
True
Let l be 49/(-14)*((-6)/(-14) - 1). Suppose 3*d = -2*a + 7 + 1, -l*a = -5*d + 24. Is 2/(d/2)*(-31 + 1832) a composite number?
False
Suppose 4*j = 28 + 52. Let r be 5098*(6/27 - j/(-72)). Suppose 0*x + h + 1888 = 3*x, -5*h + r = 4*x. Is x a prime number?
True
Suppose 3*i - 2 = -f, -7*i = 2*f - 11*i - 4. Suppose g + 5*x = 472, -12 = 2*x + f*x. Is g prime?
True
Let m(v) = -v**3 - 9*v**2 - 10*v + 11. Let r be m(-7). Let t be (6/9)/(-1)*(-4 + r). Suppose t*d + 3012 = 18*d. Is d a composite number?
True
Let b(a) = 76*a**2 - 364*a - 15. Is b(17) a prime number?
True
Suppose 947933 = 4*l + 3*k - 1064957, 3*l + 3*k - 1509669 = 0. Is l a prime number?
False
Let m(n) = -n**2 + 9*n - 16. Let z be m(5). Suppose 5*g = w + 2, g + z*g - 10 = 0. Suppose -3*l = -w*l + 5815. Is l a prime number?
True
Let g = 50 - 46. Is g - (6 - 2151) - 0 composite?
True
Let a(h) = 92*h - 3. Let c be a(1). Let n = c - -2. Suppose -2*g + o + n = 0, 0 = -3*g - o - 2*o + 114. Is g prime?
True
Let c = 10 - 16. Let i be (-4 - -125)/((-13)/c - 2). Suppose -1323 - i = -3*h. Is h a prime number?
True
Suppose 34*r + 23666 = 133180. Is r composite?
False
Suppose 5725 = 10*b - 13845. Let y = b - -2235. Suppose -2*a + 4*a = -4*x + 5590, -3*x - a + y = 0. Is x a composite number?
True
Suppose -31*h + 900132 = 104796. Is 1/(8*3/h) a prime number?
True
Let n(m) = 54*m**2 - 3*m + 10. Let l be n(8). Let d = l + 11114. Is d/42 - 6/(-14) a prime number?
True
Let u be 8/44 + 6/(-33). Suppose -4*f - 11 = 5, u = 3*c + 4*f - 4613. Is c a prime number?
True
Let k(r) = 2721*r**2 + 3*r - 3. Let v be k(1). Suppose 5*o = 5*h - 45, 3*o - 37 = -3*h + 8*o. Suppose -p - v = -h*p. Is p a prime number?
True
Let h(y) = -4*y**3 - 2*y**2. Let c be h(-2). Let k be c/(-2)*(0 - (-12)/8). Is (-17266)/k + (-1)/(-9)*-2 a composite number?
True
Suppose 3*j = 10*j - 49. Suppose 0 = -m + j + 6. Let o(g) = -g**3 + 15*g**2 - 3*g - 6. Is o(m) composite?
False
Let u be 12/(-80)*-5 + (-23450)/(-8). Suppose -22390 - u = -22*z. Is z a composite number?
False
Let m(z) = 3628*z + 8. Let q be m(3). Suppose -10*l - q = -14*l. Suppose -g + l = b, 3*g - 4*b = 5*g - 5446. Is g a prime number?
False
Let n(h) = -10*h**2 + 4*h - 17. Let i(g) = 11*g**2 - 4*g + 16. Let b(r) = 7*i(r) + 6*n(r). Let k(o) = 14*o - 443. Let c be k(32). Is b(c) a prime number?
False
Suppose 73645 = -36*w + 320137. Suppose -2219 = -2*p + x + w, 3*p - 13613 = 5*x. Is p a prime number?
False
Suppose 4*o + 90 = 2*b, 4*b + 2*o - 135 = b. Suppose -10*q + 19*q - b = 0. Suppose q*z - 5251 = 5014. Is z a prime number?
True
Let a be (1 + 1*-2)*6. Let b = -733 - -724. Is 2/a + (-5772)/b a composite number?
False
Suppose -588*t = -488*t - 155436700. Is t a composite number?
False
Let p = 23 - -3. Let u(g) = -p - 4*g**2 - 4*g**2 + 9*g**2 + 18*g. Is u(-25) a composite number?
False
Is 105962*(87/406 - 4/(-14)) a prime number?
True
Let i = 24975 + -16232. Is i a composite number?
True
Let c(o) = o + 16. Let u be c(-13). Suppose -5*x + 467 = 4*t, u*t - 5*x - 68 = 256. Let w = -26 + t. Is w a composite number?
True
Let u(n) = -3*n + 42. Let o be u(10). Suppose -k + 4*f + 180 = 2*k, -o = -4*f. Let t = k - -127. Is t composite?
False
Is ((-57538836)/(-648))/(2/4) a prime number?
True
Suppose 3*w - 1149 = -2*a + 667, -2995 = -5*w + 3*a. Suppose 0 = -4*c + 6*c - w. Let f = 594 - c. Is f a composite number?
False
Let y = -5 + 21. Let r(f) = 20*f + 14. Is r(y) a prime number?
False
Suppose 2*x - 809112 = -4*a, -3*a + 2*x - 202281 = -4*a. Is a a composite number?
False
Let b be (-5 + 10148/28)/((-9)/(-168)). Suppose 2451 = d - x - b, d - 2*x = 9119. Is d prime?
True
Let x(r) be the third derivative of -r**6/120 + r**5/15 - 2*r**3/3 + 44*r**2 + r. Is x(-3) a composite number?
False
Let r(b) = 116*b**2 + 8*b + 18. Suppose -40*y + 61 - 261 = 0. Is r(y) composite?
True
Suppose -3*t = -t - 2*i - 560078, 0 = -3*i - 0*i. Is t prime?
False
Let c(d) = 4*d**3 - 105*d**2 - 165*d - 69. Let m(y) = y**3 - 26*y**2 - 41*y - 17. Let s(f) = 2*c(f) - 9*m(f). Let u = 205 + -185. Is s(u) composite?
True
Let p(w) = -5461 + 64*w + 166*w + 5512. Is p(12) a prime number?
False
Suppose m - 5 = -2*c, 5*m + 3*c = 8*c - 20. Is 4 + -1 - (m + 4 - 1757) a composite number?
True
Let w = 109601 + -22298. Is w a prime number?
False
Let s = 13143 - 18793. Let a = -888 - s. Is a composite?
True
Let h(w) = 1 + 387*w + 252*w + 32*w + 224*w. Is h(10) composite?
False
Let s = -1202 - -2335. Is s a prime number?
False
Let b(j) = j**3 + 9*j**2 + 8*j + 16. Let p be b(-8). Let t = 5 - p. Is (1121274/(-12))/t*(-4)/(-6) a prime number?
False
Suppose -7*w = 7*w + 21*w - 616805. Is w composite?
False
Let i(p) = 73*p**2 + 8*p - 529. Is i(-38) composite?
False
Let i = -622 - -2333. Let b = 4037 - i. Is b composite?
True
Suppose -a + 4 = -0*a. Let d be 7/(-14)*(-1)/(-1)*a. Is 0/(-23) - 3274/d a prime number?
True
Let s = 72 - 114. Let a = s - -114. Suppose -a*w = -67*w - 11535. Is w a composite number?
True
Is 1065127/35 + (-12)/10 a composite number?
False
Let g(z) be the first derivative of -64*z**3/3 - 3*z**2/2 - 16*z - 6. Let x be g(6). Let o = -1371 - x. Is o prime?
True
Let a = 21217 + -8868. Is a a composite number?
True
Suppose -94*m = -89*m - 45. Is 6836/6 - -1*m/(-27) composite?
True
Let l(t) be the third derivative of t**5/15 - 73*t**4/24 - 25*t**3/6 - 77*t**2 - 2*t. Is l(-16) a prime number?
False
Suppose 0 = 3*h + 167 + 127. Let j = h + 101. Suppose 2*x + 0*g = -5*g + 372, j*x = -3*g + 567. Is x a composite number?
False
Suppose -t = -2*l - 82879, -t - l + 80716 = -2169. Is t a composite number?
False
Suppose -32*r + 30*r + 413020 = 2*v, 5*v + 826031 = 4*r. Is r composite?
True
Suppose 25*z - 23*z = 24. Suppose 2*h - z = -h, -4*h + 17571 = 5*v. Is v a prime number?
True
Suppose 120 = 16*x - 22*x. Let v = -19 - x. Is 0 - -3 - v*-918 prime?
False